me?
True
Is 41443 a prime number?
True
Is 275398 a composite number?
True
Is 5878 a prime number?
False
Is 135867 a prime number?
False
Is 51581 prime?
True
Is 44003 composite?
True
Is 555383 a composite number?
False
Is 45509 a prime number?
False
Is 52159 a composite number?
True
Is 31241 a prime number?
False
Is 1322 a composite number?
True
Is 638047 a prime number?
True
Is 120287 a prime number?
False
Is 15527 a prime number?
True
Is 3109 a prime number?
True
Is 824491 prime?
False
Is 2078 a composite number?
True
Is 40571 a composite number?
True
Is 8819 a prime number?
True
Is 166147 composite?
False
Is 89753 prime?
True
Is 1059301 a composite number?
True
Is 55147 composite?
False
Is 21799 a composite number?
False
Is 1115 composite?
True
Is 9509 prime?
False
Is 25291 a prime number?
False
Is 73781 a composite number?
True
Is 398417 a composite number?
False
Is 374389 a prime number?
True
Is 634747 composite?
False
Is 130459 a prime number?
False
Is 15991 prime?
True
Is 431081 a prime number?
False
Is 18185 composite?
True
Is 446833 a composite number?
True
Is 7901 a composite number?
False
Is 8443 prime?
True
Is 42061 a composite number?
False
Is 27479 a prime number?
True
Is 6117 composite?
True
Is 209999 a prime number?
False
Is 7033 composite?
True
Is 1685033 a composite number?
True
Is 1567 prime?
True
Is 668503 composite?
True
Is 2939 a composite number?
False
Is 11959 a composite number?
False
Is 140449 prime?
True
Is 4677 composite?
True
Is 36329 a composite number?
True
Is 9467 a composite number?
False
Is 515806 composite?
True
Is 306687 a composite number?
True
Is 75493 composite?
True
Is 43391 a prime number?
True
Is 148147 composite?
False
Is 60289 prime?
True
Is 9179 prime?
False
Is 178091 composite?
False
Is 176629 prime?
True
Is 22207 a composite number?
True
Is 152597 composite?
False
Is 877 a composite number?
False
Is 334073 a composite number?
True
Is 41089 prime?
False
Is 36213 a composite number?
True
Is 68461 prime?
False
Is 253 prime?
False
Is 23551 composite?
True
Is 27787 a prime number?
False
Is 220123 a composite number?
False
Is 814231 composite?
True
Is 3833 prime?
True
Is 113 prime?
True
Is 978323 a composite number?
False
Is 252001 a composite number?
False
Is 522673 a composite number?
False
Is 4367 a prime number?
False
Is 11239 composite?
False
Is 20477 composite?
False
Is 286973 a prime number?
True
Is 80191 a composite number?
False
Is 8133 composite?
True
Is 190753 composite?
False
Is 275789 composite?
True
Is 129367 a prime number?
False
Is 376427 prime?
False
Is 6521 prime?
True
Is 3369 prime?
False
Is 54601 prime?
True
Is 18251 a composite number?
False
Is 379369 a composite number?
False
Is 25649 a composite number?
True
Is 192091 a prime number?
True
Is 192473 prime?
False
Is 10561 a composite number?
True
Is 59153 a composite number?
True
Is 668147 a composite number?
True
Is 1014439 composite?
True
Is 6987659 prime?
False
Is 51007 a prime number?
False
Is 22343 prime?
True
Is 41593 composite?
False
Is 984109 composite?
True
Is 70241 a composite number?
False
Is 420439 a composite number?
False
Is 512137 prime?
True
Is 503707 a prime number?
True
Is 64229 a composite number?
True
Is 281509 prime?
True
Is 65233 a prime number?
False
Is 50395 prime?
False
Is 45119 composite?
False
Is 8999 a prime number?
True
Is 6997 prime?
True
Is 304033 composite?
False
Is 3831 a composite number?
True
Is 787 prime?
True
Is 115499 prime?
True
Is 31109 a composite number?
True
Is 22054 prime?
False
Is 4109 a composite number?
True
Is 1081193 a prime number?
False
Is 26141 a prime number?
True
Is 97351 a composite number?
True
Is 14369 a prime number?
True
Is 83497 a composite number?
False
Is 45641 composite?
False
Is 22226 composite?
True
Is 7977 a composite number?
True
Is 4547 a prime number?
True
Is 31379 a composite number?
False
Is 4018373 prime?
True
Is 4609 composite?
True
Is 10421 a composite number?
True
Is 488539 prime?
True
Is 43863 prime?
False
Is 37659 a composite number?
True
Is 928453 composite?
False
Is 1009039 a composite number?
True
Is 47195 composite?
True
Is 93491 prime?
True
Is 16757 a prime number?
False
Is 57037 a composite number?
False
Is 986837 a prime number?
True
Is 10781 a composite number?
False
Is 479 a prime number?
True
Is 1721167 prime?
False
Is 73198 prime?
False
Is 5162329 composite?
False
Is 1043131 prime?
True
Is 348617 prime?
True
Is 53147 composite?
False
Is 386819 a prime number?
False
Is 345403 composite?
True
Is 1597899 composite?
True
Is 29801 composite?
True
Is 446269 prime?
False
Is 973 a prime number?
False
Is 29819 a prime number?
True
Is 7483 a prime number?
False
Is 6491 a composite number?
False
Is 22229 composite?
False
Is 112967 a prime number?
True
Is 1087 a composite number?
False
Is 19861 composite?
False
Is 2557 a composite number?
False
Is 99961 a prime number?
True
Is 1927019 composite?
False
Is 662 composite?
True
Is 943073 prime?
True
Is 51949 a composite number?
False
Is 18181 composite?
False
Is 894041 a composite number?
True
Is 3973 a composite number?
True
Is 1739 a composite number?
True
Is 13093 prime?
True
Is 53771 prime?
False
Is 991669 prime?
False
Is 93179 prime?
True
Is 1060421 a prime number?
True
Is 6131 prime?
True
Is 17077 prime?
True
Is 68041 a composite number?
False
Is 11677 a prime number?
True
Is 107453 a prime number?
True
Is 4891 a composite number?
True
Is 121037 a composite number?
True
Is 38507 a prime number?
False
Is 7741 a prime number?
True
Is 119207 prime?
False
Is 89293 composite?
False
Is 4837553 a prime number?
False
Is 5494423 prime?
False
Is 80621 a prime number?
True
Is 30089 a prime number?
True
Is 18229 prime?
True
Is 140297 prime?
True
Is 2018 composite?
True
Is 192571 a composite number?
False
Is 81509 composite?
False
Is 88643 composite?
False
Is 2467 a prime number?
True
Is 381817 a prime number?
True
Is 3566422 composite?
True
Is 12287 a composite number?
True
Is 24881 composite?
True
Is 11243 prime?
True
Is 709081 a prime number?
False
Is 2736479 a composite number?
True
Is 51079 composite?
True
Is 85663 prime?
False
Is 6883 prime?
True
Is 38299 a composite number?
False
Is 200683 composite?
True
Is 23327 a prime number?
True
Is 262819 a composite number?
False
Is 1932263 composite?
False
Is 7417 prime?
True
Is 37441 composite?
False
Is 339197 a prime number?
False
Is 10077 composite?
True
Is 66293 prime?
True
Is 37691 composite?
False
Is 2863 prime?
False
Is 671189 a composite number?
False
Is 409133 composite?
True
Is 28081 a composite number?
False
Is 20851 prime?
False
Is 7283 prime?
True
Is 828721 a prime number?
True
Is 5039 composite?
False
Is 26954 a prime number?
False
Is 18301 prime?
True
Is 2395 prime?
False
Is 46573 composite?
False
Is 46793 a prime number?
False
Is 401903 a prime number?
True
Is 4547 prime?
True
Is 2533 a prime number?
False
Is 31307 a composite number?
False
Is 64123 prime?
True
Is 295 a composite number?
True
Is 354689 a prime number?
True
Is 321889 composite?
False
Is 15935 composite?
True
Is 268459 composite?
False
Is 1497 a prime number?
False
Is 6067 a composite number?
False
Is 457871 prime?
True
Is 19349 a prime number?
False
Is 231122 prime?
False
Is 26597 prime?
True
Is 547999 a prime number?
True
Is 683885 a prime number?
False
Is 489667 a prime number?
False
Is 630017 prime?
True
Is 1151 prime?
True
Is 40787 prime?
True
Is 17023 a composite number?
True
Is 556573 a prime number?
True
Is 12509 composite?
True
Is 15893 composite?
True
Is 53471 prime?
False
Is 1671 a prime number?
False
Is 3513 prime?
False
Is 286727 a prime number?
False
Is 553 a composite number?
True
Is 863959 composite?
False
Is 2161331 prime?
True
Is 204623 a prime number?
True
Is 1324707 composite?
True
Is 17861 a composite number?
True
Is 97015 prime?
False
Is 170603 prime?
True
Is 347641 a prime number?
False
Is 5403 composite?
True
Is 186367 a composite number?
True
Is 9109 composite?
False
Is 183457 prime?
False
Is 50221 prime?
True
Is 209427 a prime number?
False
Is 17609 a composite number?
False
Is 28559 prime?
True
Is 1087795 composite?
True
Is 2127 composite?
True
Is 452513 prime?
False
Is 701 a prime number?
True
Is 9521 a composite number?
False
Is 1995517 prime?
True
Is 9649 a